= t + -5. What is the highest common factor of 1 and j?
1
Let o(v) = v - 4*v + 3*v - v + 7*v**2. Let z be o(1). What is the greatest common factor of 6 and z?
6
Let m(h) = h**3 - 3*h**2 + 2. Let t be m(3). Suppose 2*o + t*o = -8, 4*d + 334 = 3*o. Let i = -15 - d. What is the greatest common divisor of 14 and i?
14
Suppose 0 = 2*x + 4*m - 1224, -4*x + 0*x + 2455 = m. Let f = x + -434. What is the highest common factor of f and 20?
20
Suppose -7*h = -5*h + 56. Let b = 132 + h. Calculate the greatest common factor of 13 and b.
13
Let u(c) = 2*c**3 - 8*c**2 + 10*c - 24. Let s be u(4). Suppose -5*j + 4*a + 240 = 0, 3*j - 5*j + 2*a + 96 = 0. Calculate the highest common divisor of j and s.
16
Suppose -3*d - d + 12 = 0. Let a = -44 - -94. Let m = -17 + a. Calculate the greatest common factor of d and m.
3
Suppose 0 = 4*w + c - 41, -5 = 4*w + 3*c - 56. Let y = -6 + w. Calculate the highest common factor of y and 3.
3
Let n = -5 + 8. Suppose -70 = -2*j - n*j. Let o(b) = b + 2. Let p be o(0). What is the greatest common factor of j and p?
2
Let k be (-728)/(-20) - (-6)/(-15). Let m = -8 - -12. Calculate the greatest common divisor of m and k.
4
Let v(k) = k - 3. Let w be v(4). Let p = 40 - 29. What is the highest common divisor of w and p?
1
Suppose 5*o - o = 120. What is the greatest common factor of 75 and o?
15
Let t(p) = 3*p + 2. Let l be t(-3). Let c be l*(111/(-21) - -1). Suppose 0*f = -2*f - 2*y, -4*f + 2*y = -c. Calculate the highest common divisor of 40 and f.
5
Let p(z) = -z**3 + 7*z**2 - 4*z + 2. Let j be p(6). Suppose 22 + 48 = 5*o. Calculate the highest common divisor of j and o.
14
Let f = 12 - 10. Suppose 5 - f = n. Calculate the greatest common divisor of n and 1.
1
Suppose 2*c = 3*y - 4, -2*c = y - 3*y + 4. Let l be c/9 + 4548/54. Suppose d + 2*b = 2*d - 6, 5*d + 2*b = 66. Calculate the greatest common divisor of d and l.
12
Suppose 0 = 2*k + 2*b - 12, 2*k + 7 = -5*b + 31. Let o(l) = 4*l - 6. Let z be o(4). What is the highest common divisor of z and k?
2
Let n(x) = -2*x**3 + 16. Let t be n(0). What is the greatest common factor of t and 8?
8
Suppose -2*g + 60 = 2*g. What is the greatest common factor of g and 90?
15
Suppose -3*b - 6*j = -11*j - 3, 42 = 5*b + 4*j. Let g = 15 - 9. Calculate the highest common divisor of g and b.
6
Let f = 91 + -61. Calculate the highest common factor of 150 and f.
30
Let y(l) = l**2 - 2*l - 4. Let n be 3/(-6) - (-45)/10. Let v be y(n). What is the greatest common factor of v and 36?
4
Let t be 12/(-10)*(-20)/8. Suppose -m = -5*m - 3*u + 10, -u - 14 = -t*m. Calculate the greatest common factor of 28 and m.
4
Suppose 18 - 3 = 5*i. Suppose -2*o = 3*o - i*l - 16, -3*o + 2*l = -9. Let x = -3 + o. What is the greatest common divisor of x and 8?
2
Let x be (-7)/3*1*-3. Let h(l) = 3*l - 4. Let p be h(x). Calculate the highest common factor of p and 34.
17
Suppose 3*m = 2*z - 17, -14 = -2*z - 3*m - 3. Suppose 4*i + 5*v - 195 = 0, i + 5*v - 23 = z. What is the greatest common factor of 5 and i?
5
Let g(d) = -d + 11. Let f be g(0). Let a = 91 + -47. Suppose -9*c = -13*c + a. What is the highest common divisor of f and c?
11
Let x(u) = -u**3 - 3*u**2 + 5*u + 8. Let c be x(-4). Suppose -4*t - 4*z + 532 = 0, c*z + 387 = 3*t + 3*z. Calculate the highest common divisor of 26 and t.
26
Let g = 4 - -52. Calculate the highest common factor of g and 8.
8
Suppose -6 = -o + 3*l + l, l - 44 = -3*o. What is the greatest common divisor of 70 and o?
14
Let d(k) = 15*k**2 + 2*k - 1. Let v be d(1). Suppose x + 9 = o - 0, o - 3*x - 17 = 0. Suppose o*u - 44 = v. Calculate the highest common divisor of 132 and u.
12
Let d be (-4)/(-3) + (-32)/(-3). What is the greatest common factor of d and 16?
4
Let r be ((-2)/6)/(1/(-3)). Let a = 3 - r. Calculate the highest common factor of a and 10.
2
Suppose 2*b = 3*b - 63. Suppose 57 + b = 2*y. Calculate the highest common factor of 20 and y.
20
Suppose -3*q = -4*c - 40, 0*c = -2*q + 2*c + 28. Let u(y) = 6*y**3 + y**2 - 1. Let t be u(-1). Let d = -4 - t. What is the greatest common factor of q and d?
2
Let q be 8 - 6*(-2)/(-4). Let w be (4/q)/((-2)/(-10)). Calculate the highest common divisor of w and 32.
4
Suppose z - 72 = -z. Suppose -3*y - 27 = -99. Calculate the greatest common divisor of z and y.
12
Suppose -5*c - 4*v + 62 - 12 = 0, -5*v = -c - 19. Suppose -3*o + o + 84 = 0. Suppose 0 = -4*g + 162 - o. Calculate the highest common factor of g and c.
6
Suppose -5*y = 2*c - 370, 2*y + 2*y - 309 = c. Let r be (-2)/9 - y/(-18). Suppose 5 = r*w - 19. Calculate the highest common factor of w and 30.
6
Let n be -36*(-1 - -2 - 3 - 1). What is the highest common factor of n and 36?
36
Let q(x) = x**3 - 2*x**2 - 4*x + 3. Let m be q(3). Suppose -2*n - 10 = m, 2*n + 170 = 5*b + 3*n. What is the greatest common divisor of b and 7?
7
Suppose 0 = -3*d + 12 + 33. Calculate the greatest common factor of 240 and d.
15
Let d(o) be the second derivative of 0 - o**3 - 2*o + 1/2*o**2. Let u be d(-1). Calculate the greatest common divisor of u and 14.
7
Let p(v) = 2*v - 7. Let l be p(5). Suppose 5*n - 73 = -2*u, 2*n - 51 = -n - l*u. Let k = 172 + -29. What is the highest common factor of k and n?
13
Suppose 2*l = -26 + 146. Let m = -91 - -115. Calculate the greatest common divisor of l and m.
12
Let c(s) = -s**3 - 6*s**2 - 4*s - 8. Let z be c(-6). What is the greatest common factor of 24 and z?
8
Let u = -45 + 24. Let b be (50/35)/((-3)/u). Suppose g - 25 + 0 = 0. What is the greatest common divisor of b and g?
5
Let x(o) = o**3 - 3*o**2 - 3*o - 14. Let f be x(5). What is the greatest common factor of f and 3?
3
Suppose -16 = 30*o - 34*o. Calculate the highest common factor of 10 and o.
2
Suppose -5*b - 2*d = -171, -b + 2*d = 3*b - 126. Suppose -4*o + 8 = -4. What is the highest common factor of b and o?
3
Suppose 0 = -4*l + 3*l + 8. Suppose t - 2*t + 28 = 3*j, -4*t + 16 = 0. What is the highest common factor of l and j?
8
Let b(s) = -s**3 - 4*s**2 + 4*s + 21. Let d be b(-4). What is the greatest common divisor of 15 and d?
5
Let v = 46 - 24. What is the greatest common factor of 2 and v?
2
Let g be (434/(-21))/(1/(-12)). Suppose 38 - g = -5*h. Suppose -w + 8 = -2*l - 8, 4*l = 3*w - h. What is the greatest common factor of w and 2?
2
Suppose 0 = d + d - 28. Suppose n = -5*f + 47 + d, -5*n = 20. Let i = -9 + f. Calculate the greatest common factor of 8 and i.
4
Let v be (-58)/(-3) - 4/(-6). Let n = -19 + 19. Let g = n - -8. What is the greatest common divisor of g and v?
4
Let k(c) = 2*c + 2*c - 6*c**2 + 5*c**2 + 5. Let g be k(4). Suppose -323 = -3*y + 2*u, u - 37 = -g*y + 484. What is the highest common factor of 15 and y?
15
Let o = -13 + 20. Suppose j + s - o = 0, -3*s + 8*s = j - 19. Calculate the highest common factor of j and 6.
3
Suppose 2*p - 5*i = -3 + 111, -5*i = 20. Calculate the greatest common divisor of p and 11.
11
Let v be (6/8)/(2/24). Let l be -6*(-1 - 38/4). Calculate the greatest common divisor of v and l.
9
Let z = 24 - -1. Let k(m) = -m - 2. Let v be k(-2). Suppose v = 3*w + 2*w - 25, -5*i = 5*w - 50. Calculate the highest common factor of z and i.
5
Let c = -1 - 1. Let j be c/6 + (-26)/(-6). Calculate the highest common factor of j and 44.
4
Let m be 2 + 1*-2 - -2. Suppose -5*v + 79 + 31 = 0. Calculate the highest common factor of v and m.
2
Suppose w - 61 - 1 = 0. Let f = w + -2. Let m be (1/1)/((-3)/(-30)). Calculate the highest common divisor of f and m.
10
Let j(y) = y**3 + 7*y**2 + y + 9. Let f be j(-7). Let k = f - 0. Suppose 0 = o - 4, 0*l - k*l + 5*o - 4 = 0. Calculate the highest common divisor of l and 20.
4
Let r(x) be the third derivative of -x**3 - x**2 + 0*x + 0 + 7/24*x**4. Let f be r(9). What is the highest common divisor of 19 and f?
19
Let g(m) = -2*m - 5. Let f be g(-6). What is the highest common factor of 35 and f?
7
Let k = -167 + 451. Suppose 3*y - k - 76 = 0. Calculate the greatest common factor of 30 and y.
30
Let v = -117 - -167. Suppose -5*g = -4*g - v. Calculate the greatest common factor of 10 and g.
10
Let b = 34 + -33. Calculate the highest common divisor of b and 1.
1
Let b(h) = h**3 - 6*h**2 - 7*h. Let x be b(7). Suppose -3*o + 72 = -x*o. Calculate the highest common factor of 60 and o.
12
Let n(c) = -c**3 + 6*c**2 + 5*c - 6. Let d be n(6). Let s = -4 -